 13626?
1514
What is the highest common divisor of 18095 and 3087994?
329
Calculate the greatest common divisor of 1393128 and 140976.
792
What is the greatest common divisor of 67229 and 387113?
23
What is the greatest common divisor of 2031800 and 4200?
200
Calculate the greatest common divisor of 950130 and 4114.
34
Calculate the greatest common factor of 2093 and 61607.
91
What is the greatest common factor of 502 and 3219974584?
502
Calculate the greatest common divisor of 1998518 and 148.
74
Calculate the greatest common divisor of 3682 and 1222746.
14
Calculate the highest common factor of 844764 and 3264.
204
Calculate the highest common factor of 150949 and 207.
23
What is the highest common divisor of 194834851 and 4053?
193
What is the highest common factor of 40 and 2854047940?
20
What is the highest common divisor of 3667035 and 55046?
1619
Calculate the highest common factor of 1952 and 6588244.
244
What is the highest common divisor of 63 and 889750491?
21
Calculate the highest common divisor of 70933 and 165629.
89
What is the greatest common divisor of 20 and 20161108?
4
Calculate the greatest common divisor of 371246236 and 1038.
346
Calculate the greatest common divisor of 174931422 and 9338.
1334
What is the greatest common divisor of 7088 and 68368?
16
What is the highest common factor of 130756 and 53156?
388
What is the highest common factor of 26065 and 157885?
65
What is the highest common divisor of 170233 and 858718?
581
What is the highest common factor of 9594 and 1678791699?
4797
What is the highest common factor of 252 and 2314182?
6
Calculate the greatest common divisor of 5032 and 43306650.
1258
Calculate the greatest common factor of 340 and 143639780.
20
What is the greatest common factor of 1521 and 1938287?
13
What is the highest common factor of 20838233 and 312?
13
Calculate the highest common divisor of 374424271 and 398.
199
What is the highest common divisor of 552 and 12499120?
184
What is the greatest common divisor of 82992 and 6258?
42
Calculate the highest common divisor of 1739079 and 18.
9
What is the highest common divisor of 833 and 25290832?
119
Calculate the highest common factor of 24 and 154209.
3
What is the highest common factor of 1668311800 and 400?
200
Calculate the highest common factor of 90881010 and 2255.
2255
What is the highest common divisor of 141600 and 876?
12
What is the greatest common factor of 214115 and 747685?
1145
What is the highest common factor of 298391 and 37595?
103
Calculate the highest common divisor of 12748461 and 3663.
1221
What is the greatest common divisor of 3 and 6431766?
3
Calculate the highest common divisor of 22 and 43591999.
11
Calculate the highest common factor of 44110 and 687314.
802
What is the greatest common divisor of 1261 and 1292499?
13
What is the highest common factor of 43 and 18094787?
43
What is the greatest common divisor of 2205 and 21378945?
735
What is the greatest common factor of 320 and 3541640?
40
What is the highest common divisor of 1620 and 51924060?
180
Calculate the highest common divisor of 1475 and 11263985.
295
Calculate the greatest common factor of 9388226 and 8308.
62
Calculate the highest common factor of 25373023 and 937.
937
Calculate the greatest common factor of 4611475 and 165.
55
Calculate the highest common divisor of 89116293 and 357.
21
What is the greatest common factor of 94470649 and 6715?
1343
What is the greatest common factor of 4302080 and 7936?
256
Calculate the highest common factor of 288024 and 11385676.
4364
Calculate the highest common factor of 653488 and 6431480.
4136
Calculate the greatest common factor of 53307163 and 11830.
1183
What is the highest common factor of 67760893 and 796?
199
Calculate the highest common factor of 24 and 161189412.
12
Calculate the greatest common factor of 343371 and 213801.
21
What is the greatest common divisor of 2055 and 159488139?
411
What is the highest common factor of 3476844 and 729?
243
What is the greatest common factor of 392799554 and 20356?
10178
Calculate the highest common divisor of 1179405 and 8865.
45
What is the highest common factor of 398743 and 3077?
181
Calculate the highest common divisor of 167958 and 142011.
279
What is the greatest common divisor of 88113 and 34707?
69
What is the highest common factor of 57687 and 29841?
21
Calculate the highest common divisor of 682480 and 608.
304
What is the greatest common divisor of 7336 and 286497?
131
Calculate the highest common divisor of 15631680 and 684.
228
What is the greatest common factor of 2404436088 and 8?
8
What is the highest common divisor of 26813133 and 1161?
27
What is the greatest common factor of 118404292 and 148?
148
What is the greatest common divisor of 9058 and 34930?
14
What is the greatest common factor of 8349011 and 6171?
11
Calculate the highest common factor of 19479 and 61.
1
Calculate the greatest common factor of 2106267 and 21.
3
Calculate the greatest common divisor of 116371814 and 13.
13
What is the greatest common factor of 16259 and 73201?
71
What is the greatest common factor of 172083604 and 12529?
737
Calculate the highest common divisor of 30504 and 62309504.
10168
What is the highest common factor of 31070209 and 344?
43
Calculate the greatest common divisor of 188566 and 48.
2
Calculate the greatest common factor of 20 and 63351380.
20
Calculate the highest common factor of 47783464 and 14016.
584
What is the highest common factor of 40 and 840055940?
20
What is the highest common factor of 39243806 and 49?
49
Calculate the greatest common divisor of 3283 and 334929.
7
What is the highest common factor of 1156862 and 4858?
14
Calculate the highest common divisor of 4554 and 436722.
66
Calculate the greatest common divisor of 7592807 and 148.
37
Calculate the greatest common factor of 4550 and 18656274.
182
What is the highest common divisor of 715731 and 14301?
681
What is the greatest common divisor of 1317946000 and 80?
80
Calculate the greatest common divisor of 529439 and 194163.
1061
Calculate the highest common divisor of 9 and 817679.
1
Calculate the greatest common divisor of 21465 and 97959105.
7155
Calculate the greatest common divisor of 3161448 and 78318.
342
What is the greatest common factor of 2372112 and 61506?
918
Calculate the highest common divisor of 197790 and 627.
57
What is the highest common factor of 94208 and 158420992?
4096
Calculate the highest common divisor of 402 and 54342.
6
What is the highest common factor of 19995 and 17430525?
465
What is the greatest common factor of 421936 and 25456?
16
Calculate the greatest common factor of 12060 and 2160415.
335
What is the highest common divisor of 3204828 and 17028?
396
Calculate the highest common divisor of 1055716 and 883804.
2204
Calculate the greatest common divisor of 162 and 23663484.
18
What is the greatest common factor of 15913 and 89?
1
Calculate the highest common factor of 4818 and 41778.
66
Calculate the greatest common factor of 4728 and 20928492.
2364
Calculate the greatest common factor of 7067435 and 10.
5
What is the greatest common factor of 213695 and 112528?
541
What is the greatest common divisor of 30726696 and 28?
28
Calculate the highest common factor of 74373 and 14820.
39
Calculate the highest common divisor of 700 and 159670.
70
Calculate the highest common divisor of 168 and 25215519.
21
Calculate the highest common divisor of 2 and 98718752.
2
What is the greatest common factor of 176 and 574576?
16
Calculate the greatest common divisor of 1298457 and 14607.
27
Calculate the greatest common factor of 229867 and 1199.
11
What is the greatest common divisor of 111 and 25283987?
37
What is the greatest common divisor of 28329 and 154261?
19
Calculate the greatest common factor of 7353 and 26071287.
2451
Calculate the greatest common divisor of 68 and 205748.
4
Calculate the greatest common divisor of 379301 and 208.
13
Calculate the greatest common factor of 432 and 7709076.
36
What is the greatest common factor of 87258663 and 126?
9
Calculate the highest common factor of 173784 and 292656.
312
Calculate the greatest common divisor of 682 and 8785887.
11
Calculate the highest common divisor of 554925001 and 74.
37
What is the greatest c